{"id":9,"date":"2021-05-26T06:57:50","date_gmt":"2021-05-26T06:57:50","guid":{"rendered":"http:\/\/mfg-dickenreishausen.de\/?page_id=9"},"modified":"2021-06-05T10:14:37","modified_gmt":"2021-06-05T10:14:37","slug":"ueber-uns","status":"publish","type":"page","link":"https:\/\/mfg-dickenreishausen.de\/?page_id=9","title":{"rendered":"\u00dcber uns"},"content":{"rendered":"\n<figure class=\"wp-block-table is-style-stripes\"><table><tbody><tr><td><\/td><td class=\"has-text-align-center\" data-align=\"center\"><em>\u00dcber uns:Gegr\u00fcndet wurde unser Verein im Jahr 1992 mit 10 Mann und einer Wellblechgarage. <br>Wenig sp\u00e4ter wurde diese dann durch ein nettes Gartenh\u00e4uschen\u00a0 ersetzt. <br>Als eingetragener Modellflugverein wurde uns ein Schutzzaun f\u00fcr Zuschauer und eine Hecke f\u00fcr den Vorbereitungsraum auferlegt. <br>Wir Pflanzten noch ein paar B\u00e4ume und dadurch ergab sich nach vielen Stunden Rasenpflege das Heutige Modellfluggel\u00e4nde. Aktuell sind wir rund 40 Mitglieder. <br>Unseren \u201eHaufen\u201c w\u00fcrde ich als lockere Klicke bezeichnen die f\u00fcr so ziemlich jeden Spass zu haben ist. Wir freuen uns immer auf G\u00e4ste genauso wie auf Leute die sich etwas n\u00e4her mit dem Modellsport befassen m\u00f6chten.\u00a0Ihr wollt mehr \u00fcber uns erfahren? Dann schaut doch einfach mal vorbei.<\/em><\/td><\/tr><\/tbody><\/table><\/figure>\n\n\n\n<figure class=\"wp-block-image size-full is-style-default\"><img loading=\"lazy\" decoding=\"async\" width=\"2560\" height=\"1920\" src=\"http:\/\/mfg-dickenreishausen.de\/wp-content\/uploads\/2021\/05\/P1050607-scaled.jpg\" alt=\"\" class=\"wp-image-40\" srcset=\"https:\/\/mfg-dickenreishausen.de\/wp-content\/uploads\/2021\/05\/P1050607-scaled.jpg 2560w, https:\/\/mfg-dickenreishausen.de\/wp-content\/uploads\/2021\/05\/P1050607-300x225.jpg 300w, https:\/\/mfg-dickenreishausen.de\/wp-content\/uploads\/2021\/05\/P1050607-1024x768.jpg 1024w, https:\/\/mfg-dickenreishausen.de\/wp-content\/uploads\/2021\/05\/P1050607-768x576.jpg 768w, https:\/\/mfg-dickenreishausen.de\/wp-content\/uploads\/2021\/05\/P1050607-1536x1152.jpg 1536w, https:\/\/mfg-dickenreishausen.de\/wp-content\/uploads\/2021\/05\/P1050607-2048x1536.jpg 2048w\" sizes=\"auto, (max-width: 2560px) 100vw, 2560px\" \/><\/figure>\n","protected":false},"excerpt":{"rendered":"<p>\u00dcber uns:Gegr\u00fcndet wurde unser Verein im Jahr 1992 mit 10 Mann und einer Wellblechgarage. Wenig sp\u00e4ter wurde diese dann durch ein nettes Gartenh\u00e4uschen\u00a0 ersetzt. Als eingetragener Modellflugverein wurde uns ein Schutzzaun f\u00fcr Zuschauer und eine Hecke f\u00fcr den Vorbereitungsraum auferlegt. Wir Pflanzten noch ein paar B\u00e4ume und dadurch ergab sich nach vielen Stunden Rasenpflege das Heutige Modellfluggel\u00e4nde. Aktuell sind wir rund 40 Mitglieder. Unseren \u201eHaufen\u201c w\u00fcrde ich als lockere Klicke bezeichnen die f\u00fcr so ziemlich jeden Spass zu haben ist. Wir freuen uns immer auf G\u00e4ste genauso wie auf Leute die sich etwas n\u00e4her mit dem Modellsport befassen m\u00f6chten.\u00a0Ihr wollt mehr \u00fcber uns erfahren? Dann schaut doch einfach mal vorbei.<\/p>\n","protected":false},"author":1,"featured_media":0,"parent":0,"menu_order":3,"comment_status":"closed","ping_status":"closed","template":"","meta":{"footnotes":""},"class_list":["post-9","page","type-page","status-publish","hentry"],"_links":{"self":[{"href":"https:\/\/mfg-dickenreishausen.de\/index.php?rest_route=\/wp\/v2\/pages\/9","targetHints":{"allow":["GET"]}}],"collection":[{"href":"https:\/\/mfg-dickenreishausen.de\/index.php?rest_route=\/wp\/v2\/pages"}],"about":[{"href":"https:\/\/mfg-dickenreishausen.de\/index.php?rest_route=\/wp\/v2\/types\/page"}],"author":[{"embeddable":true,"href":"https:\/\/mfg-dickenreishausen.de\/index.php?rest_route=\/wp\/v2\/users\/1"}],"replies":[{"embeddable":true,"href":"https:\/\/mfg-dickenreishausen.de\/index.php?rest_route=%2Fwp%2Fv2%2Fcomments&post=9"}],"version-history":[{"count":7,"href":"https:\/\/mfg-dickenreishausen.de\/index.php?rest_route=\/wp\/v2\/pages\/9\/revisions"}],"predecessor-version":[{"id":250,"href":"https:\/\/mfg-dickenreishausen.de\/index.php?rest_route=\/wp\/v2\/pages\/9\/revisions\/250"}],"wp:attachment":[{"href":"https:\/\/mfg-dickenreishausen.de\/index.php?rest_route=%2Fwp%2Fv2%2Fmedia&parent=9"}],"curies":[{"name":"wp","href":"https:\/\/api.w.org\/{rel}","templated":true}]}}